of 2002?
0
What is the tens digit of 12369?
6
What is the thousands digit of 2299?
2
What is the hundred thousands digit of 113534?
1
What is the thousands digit of 58322?
8
What is the tens digit of 666?
6
What is the units digit of 16572?
2
What is the hundreds digit of 766?
7
What is the ten thousands digit of 23056?
2
What is the hundreds digit of 1004?
0
What is the thousands digit of 1753?
1
What is the thousands digit of 5595?
5
What is the thousands digit of 7552?
7
What is the hundreds digit of 634?
6
What is the tens digit of 115380?
8
What is the hundreds digit of 589?
5
What is the hundreds digit of 6316?
3
What is the tens digit of 2839?
3
What is the units digit of 7050?
0
What is the tens digit of 6654?
5
What is the hundreds digit of 1870?
8
What is the tens digit of 788?
8
What is the thousands digit of 7125?
7
What is the thousands digit of 9926?
9
What is the thousands digit of 20820?
0
What is the tens digit of 2147?
4
What is the units digit of 52374?
4
What is the units digit of 39544?
4
What is the ten thousands digit of 55471?
5
What is the units digit of 8417?
7
What is the hundreds digit of 623?
6
What is the units digit of 179?
9
What is the ten thousands digit of 53798?
5
What is the hundreds digit of 431?
4
What is the units digit of 66?
6
What is the units digit of 841?
1
What is the units digit of 4961?
1
What is the units digit of 2101?
1
What is the thousands digit of 94931?
4
What is the hundreds digit of 755?
7
What is the hundreds digit of 1003?
0
What is the tens digit of 13036?
3
What is the thousands digit of 1874?
1
What is the hundreds digit of 4876?
8
What is the units digit of 11142?
2
What is the tens digit of 7529?
2
What is the tens digit of 8740?
4
What is the tens digit of 3682?
8
What is the hundreds digit of 454?
4
What is the tens digit of 7391?
9
What is the ten thousands digit of 121197?
2
What is the hundreds digit of 51618?
6
What is the units digit of 154?
4
What is the thousands digit of 13010?
3
What is the tens digit of 917?
1
What is the tens digit of 229?
2
What is the hundreds digit of 2364?
3
What is the hundreds digit of 10175?
1
What is the tens digit of 5044?
4
What is the units digit of 20988?
8
What is the thousands digit of 5099?
5
What is the ten thousands digit of 14736?
1
What is the ten thousands digit of 67581?
6
What is the ten thousands digit of 81334?
8
What is the hundreds digit of 295?
2
What is the hundreds digit of 943?
9
What is the hundreds digit of 630?
6
What is the tens digit of 810?
1
What is the units digit of 642?
2
What is the hundreds digit of 41411?
4
What is the thousands digit of 7695?
7
What is the units digit of 38111?
1
What is the ten thousands digit of 19341?
1
What is the units digit of 406?
6
What is the hundreds digit of 172699?
6
What is the thousands digit of 1075?
1
What is the tens digit of 1272?
7
What is the units digit of 605?
5
What is the tens digit of 20959?
5
What is the tens digit of 890?
9
What is the thousands digit of 2493?
2
What is the thousands digit of 1152?
1
What is the thousands digit of 37343?
7
What is the hundreds digit of 1470?
4
What is the hundreds digit of 6307?
3
What is the tens digit of 2060?
6
What is the hundreds digit of 125?
1
What is the tens digit of 16?
1
What is the tens digit of 6189?
8
What is the units digit of 385?
5
What is the tens digit of 144144?
4
What is the units digit of 786?
6
What is the units digit of 73?
3
What is the tens digit of 5256?
5
What is the hundreds digit of 4626?
6
What is the tens digit of 6625?
2
What is the ten thousands digit of 77575?
7
What is the tens digit of 3098?
9
What is the hundreds digit of 48180?
1
What is the units digit of 56410?
0
What is the thousands digit of 40998?
0
What is the thousands digit of 2507?
2
What is the hundreds digit of 9793?
7
What is the thousands digit of 3357?
3
What is the thousands digit of 5965?
5
What is the tens digit of 7764?
6
What is the hundreds digit of 34889?
8
What is the units digit of 16111?
1
What is the thousands digit of 27887?
7
What is the hundreds digit of 3203?
2
What is the hundreds digit of 169800?
8
What is the tens digit of 187?
8
What is the hundred thousands digit of 108453?
1
What is the tens digit of 1233?
3
What is the hundreds digit of 6558?
5
What is the tens digit of 424?
2
What is the tens digit of 3080?
8
What is the thousands digit of 62899?
2
What is the tens digit of 80783?
8
What is the units digit of 26823?
3
What is the tens digit of 18455?
5
What is the thousands digit of 80220?
0
What is the thousands digit of 4246?
4
What is the tens digit of 3228?
2
What is the tens digit of 1985?
8
What is the hundreds digit of 2223?
2
What is the hundreds digit of 25700?
7
What is the thousands digit of 1511?
1
What is the hundreds digit of 1870?
8
What is the units digit of 3434?
4
What is the units digit of 676?
6
What is the tens digit of 89?
8
What is the units digit of 4907?
7
What is the units digit of 5003?
3
What is the hundreds digit of 31964?
9
What is the hundreds digit of 21718?
7
What is the units digit of 315?
5
What is the tens digit of 60329?
2
What is the ten thousands digit of 35387?
3
What is the hundreds digit of 154?
1
What is the tens digit of 7648?
4
What is the thousands digit of 1396?
1
What is the units digit of 1794?
4
What is the thousands digit of 24502?
4
What is the tens digit of 35432?
3
What is the units digit of 2621?
1
What is the tens digit of 517?
1
What is the ten thousands digit of 77233?
7
What is the tens digit of 56617?
1
What is the units digit of 795?
5
What is the units digit of 6987?
7
What is the units digit of 130682?
2
What is the tens digit of 1892?
9
What is the thousands digit of 1073?
1
What is the tens digit of 1011?
1
What is the tens digit of 10277?
7
What is the units digit of 11930?
0
What is the tens digit of 2736?
3
What is the tens digit of 121?
2
What is the thousands digit of 18425?
8
What is the thousands digit of 14599?
4
What is the tens digit of 2823?
2
What is the hundreds digit of 1102?
1
What is the tens digit of 10409?
0
What is the hundreds digit of 38872?
8
What is the hundreds digit of 1676?
6
What is the hundreds digit of 5494?
4
What is the thousands digit of 4570?
4
What is the tens digit of 1524?
2
What is the units digit of 6475?
5
What is the hundreds digit of 2071?
0
What is the units digit of 8424?
4
What is the hundreds digit of 12864?
8
What is the units digit of 784?
4
What is the units digit of 143878?
8
What is the tens digit of 41705?
0
What is the thousands digit of 22185?
2
What is the units digit of 77137?
7
What is the hundreds digit of 390?
3
What is the hundreds digit of 48414?
4
What is the thousands digit of 6788?
6
What is the units digit of 64539?
9
What is the tens digit of 107361?
6
What is the thousands digit of 1048?
1
What is the hundreds digit of 3069?
0
What is the tens digit of 65599?
9
What is the tens digit of 238?
3
What is the units digit of 5162?
2
What is the hundreds digit of 2277?
2
What is the units digit of 98270?
0
What is the ten thousands digit of 12253?
1
What is the units digit of 1983?
3
What is the hundreds digit of 39192?
1
What is the units digit of 6069?
9
What is the hundreds digit of 11500?
5
What is the thousands digit of 29714?
9
What is the tens digit of 40888?
8
What is the hundreds digit of 3002?
0
What is the thousands digit of 22956?
2
What is the thousands digit of 3851?
3
What is the hundreds digit of 17103?
1
What is the units digit of 1798?
8
What is the thousands digit of 77623?
7
What is the thousands digit of 58718?
8
What is the tens digit of 10242?
4
What is the ten thousands digit of 22180?
2
What is the tens digit of 808?
0
What is the units digit of 1419?
9
What is the hundreds digit of 33311?
3
What is the ten thousands digit of 69424?
6
What is the units digit of 3150?
0
What is the units digit of 104260?
0
What is the units digit of 991?
1
What is the tens digit of 596?
9
What is the units digit of 21707?
7
What is the tens digit of 2315?
1
What is the tens digit of 32?
3
What is the thousands digit of 7591?
7
What is the units digit of 19473?
3
What is the thousands digit of 1067?
1
What is the units digit of 2843?
3
What is the thousands digit of 1185?
1